{"id":493,"date":"2025-08-24T12:51:52","date_gmt":"2025-08-24T15:51:52","guid":{"rendered":"https:\/\/www.hservicebrasil.com.br\/?page_id=493"},"modified":"2025-11-07T01:52:15","modified_gmt":"2025-11-07T04:52:15","slug":"h-service-brasil","status":"publish","type":"page","link":"https:\/\/www.hservicebrasil.com.br\/index.php\/h-service-brasil\/","title":{"rendered":"H Service Brasil"},"content":{"rendered":"\n[et_pb_section fb_built=&#8221;1&#8243; _builder_version=&#8221;4.21.0&#8243; _module_preset=&#8221;default&#8221; custom_padding=&#8221;21px|||||&#8221; global_colors_info=&#8221;{}&#8221; theme_builder_area=&#8221;post_content&#8221;][et_pb_row _builder_version=&#8221;4.21.0&#8243; _module_preset=&#8221;default&#8221; global_colors_info=&#8221;{}&#8221; theme_builder_area=&#8221;post_content&#8221;][et_pb_column type=&#8221;4_4&#8243; _builder_version=&#8221;4.21.0&#8243; _module_preset=&#8221;default&#8221; global_colors_info=&#8221;{}&#8221; theme_builder_area=&#8221;post_content&#8221;][et_pb_text _builder_version=&#8221;4.27.4&#8243; _module_preset=&#8221;default&#8221; text_orientation=&#8221;center&#8221; hover_enabled=&#8221;0&#8243; global_colors_info=&#8221;{}&#8221; theme_builder_area=&#8221;post_content&#8221; sticky_enabled=&#8221;0&#8243; width=&#8221;60%&#8221; module_alignment=&#8221;center&#8221; width_last_edited=&#8221;on|phone&#8221; width_phone=&#8221;100%&#8221; width_tablet=&#8221;60%&#8221;]<p>Somos uma empresa com 25 anos, especializada em Servi\u00e7os T\u00e9cnicos Industriais, com sedes em Salvador \u2013 BA, atuando em todo territ\u00f3rio nacional para grandes empresas.<\/p>\n<p><strong>Hoje atuamos em dois segmentos distintos:<\/strong><\/p>\n<p>&nbsp;<\/p>[\/et_pb_text][\/et_pb_column][\/et_pb_row][et_pb_row column_structure=&#8221;1_2,1_2&#8243; _builder_version=&#8221;4.27.4&#8243; _module_preset=&#8221;default&#8221; custom_padding=&#8221;7px|||||&#8221; hover_enabled=&#8221;0&#8243; locked=&#8221;off&#8221; global_colors_info=&#8221;{}&#8221; theme_builder_area=&#8221;post_content&#8221; sticky_enabled=&#8221;0&#8243; use_custom_gutter=&#8221;on&#8221; gutter_width=&#8221;2&#8243;][et_pb_column type=&#8221;1_2&#8243; _builder_version=&#8221;4.21.0&#8243; _module_preset=&#8221;default&#8221; border_width_right=&#8221;3px&#8221; border_color_right=&#8221;#E02B20&#8243; global_colors_info=&#8221;{}&#8221; theme_builder_area=&#8221;post_content&#8221;][et_pb_text _builder_version=&#8221;4.27.4&#8243; _module_preset=&#8221;default&#8221; header_2_font=&#8221;|700||on|||||&#8221; header_2_text_color=&#8221;#E02B20&#8243; header_3_font=&#8221;|700|||||||&#8221; background_color=&#8221;#eaeaea&#8221; custom_padding=&#8221;30px|35px|15px|35px|false|true&#8221; hover_enabled=&#8221;0&#8243; header_2_font_size_tablet=&#8221;50px&#8221; header_2_font_size_phone=&#8221;26px&#8221; header_2_font_size_last_edited=&#8221;on|phone&#8221; global_colors_info=&#8221;{}&#8221; theme_builder_area=&#8221;post_content&#8221; sticky_enabled=&#8221;0&#8243; header_2_text_align_last_edited=&#8221;on|phone&#8221; header_2_text_align=&#8221;left&#8221; header_2_text_align_phone=&#8221;center&#8221; header_2_text_align_tablet=&#8221;left&#8221;]<h2>Preserva\u00e7\u00e3o de ativos contra corros\u00e3o com tecnologia vci zerust<\/h2>\n<p><strong>Somos service autorizado, com foco na Regi\u00e3o Nordeste<\/strong><\/p>[\/et_pb_text][\/et_pb_column][et_pb_column type=&#8221;1_2&#8243; _builder_version=&#8221;4.21.0&#8243; _module_preset=&#8221;default&#8221; border_width_right=&#8221;3px&#8221; border_color_right=&#8221;#E02B20&#8243; global_colors_info=&#8221;{}&#8221; theme_builder_area=&#8221;post_content&#8221;][et_pb_text _builder_version=&#8221;4.27.4&#8243; _module_preset=&#8221;default&#8221; header_2_font=&#8221;|700||on|||||&#8221; header_2_text_color=&#8221;#E02B20&#8243; header_3_font=&#8221;|700|||||||&#8221; background_color=&#8221;#eaeaea&#8221; custom_padding=&#8221;30px|35px|39px|35px|false|true&#8221; hover_enabled=&#8221;0&#8243; header_2_font_size_tablet=&#8221;50px&#8221; header_2_font_size_phone=&#8221;26px&#8221; header_2_font_size_last_edited=&#8221;on|phone&#8221; global_colors_info=&#8221;{}&#8221; theme_builder_area=&#8221;post_content&#8221; sticky_enabled=&#8221;0&#8243; header_2_text_align=&#8221;left&#8221; header_2_text_align_last_edited=&#8221;on|phone&#8221; header_2_text_align_phone=&#8221;center&#8221; header_2_text_align_tablet=&#8221;left&#8221;]<h2>Tratamento de Verniz em \u00f3leos de sistemas hidr\u00e1ulicos e lubrifica\u00e7\u00e3o<\/h2>[\/et_pb_text][\/et_pb_column][\/et_pb_row][\/et_pb_section]\n","protected":false},"excerpt":{"rendered":"<p>Somos uma empresa com 25 anos, especializada em Servi\u00e7os T\u00e9cnicos Industriais, com sedes em Salvador \u2013 BA, atuando em todo territ\u00f3rio nacional para grandes empresas. Hoje atuamos em dois segmentos distintos: &nbsp;Preserva\u00e7\u00e3o de ativos contra corros\u00e3o com tecnologia vci zerust Somos service autorizado, com foco na Regi\u00e3o NordesteTratamento de Verniz em \u00f3leos de sistemas hidr\u00e1ulicos e lubrifica\u00e7\u00e3o<\/p>\n","protected":false},"author":1,"featured_media":522,"parent":0,"menu_order":0,"comment_status":"closed","ping_status":"closed","template":"","meta":{"_et_pb_use_builder":"on","_et_pb_old_content":"","_et_gb_content_width":"","footnotes":""},"class_list":["post-493","page","type-page","status-publish","has-post-thumbnail","hentry"],"_links":{"self":[{"href":"https:\/\/www.hservicebrasil.com.br\/index.php\/wp-json\/wp\/v2\/pages\/493","targetHints":{"allow":["GET"]}}],"collection":[{"href":"https:\/\/www.hservicebrasil.com.br\/index.php\/wp-json\/wp\/v2\/pages"}],"about":[{"href":"https:\/\/www.hservicebrasil.com.br\/index.php\/wp-json\/wp\/v2\/types\/page"}],"author":[{"embeddable":true,"href":"https:\/\/www.hservicebrasil.com.br\/index.php\/wp-json\/wp\/v2\/users\/1"}],"replies":[{"embeddable":true,"href":"https:\/\/www.hservicebrasil.com.br\/index.php\/wp-json\/wp\/v2\/comments?post=493"}],"version-history":[{"count":5,"href":"https:\/\/www.hservicebrasil.com.br\/index.php\/wp-json\/wp\/v2\/pages\/493\/revisions"}],"predecessor-version":[{"id":715,"href":"https:\/\/www.hservicebrasil.com.br\/index.php\/wp-json\/wp\/v2\/pages\/493\/revisions\/715"}],"wp:featuredmedia":[{"embeddable":true,"href":"https:\/\/www.hservicebrasil.com.br\/index.php\/wp-json\/wp\/v2\/media\/522"}],"wp:attachment":[{"href":"https:\/\/www.hservicebrasil.com.br\/index.php\/wp-json\/wp\/v2\/media?parent=493"}],"curies":[{"name":"wp","href":"https:\/\/api.w.org\/{rel}","templated":true}]}}