{"id":612,"date":"2025-11-06T08:24:23","date_gmt":"2025-11-06T11:24:23","guid":{"rendered":"https:\/\/www.hservicebrasil.com.br\/?page_id=612"},"modified":"2025-11-06T09:18:01","modified_gmt":"2025-11-06T12:18:01","slug":"o-que-e-vci","status":"publish","type":"page","link":"https:\/\/www.hservicebrasil.com.br\/index.php\/o-que-e-vci\/","title":{"rendered":"O que \u00e9 VCI?"},"content":{"rendered":"<p>[et_pb_section fb_built=&#8221;1&#8243; _builder_version=&#8221;4.27.4&#8243; _module_preset=&#8221;default&#8221; background_enable_color=&#8221;off&#8221; custom_padding=&#8221;2px||0px||false|false&#8221; global_colors_info=&#8221;{}&#8221; theme_builder_area=&#8221;post_content&#8221;][et_pb_row _builder_version=&#8221;4.27.4&#8243; _module_preset=&#8221;default&#8221; global_colors_info=&#8221;{}&#8221; theme_builder_area=&#8221;post_content&#8221;][et_pb_column type=&#8221;4_4&#8243; _builder_version=&#8221;4.27.4&#8243; _module_preset=&#8221;default&#8221; border_color_right=&#8221;#E02B20&#8243; global_colors_info=&#8221;{}&#8221; theme_builder_area=&#8221;post_content&#8221;][et_pb_text _builder_version=&#8221;4.27.4&#8243; _module_preset=&#8221;default&#8221; header_2_font=&#8221;|700||on|||||&#8221; header_2_text_color=&#8221;#E02B20&#8243; header_2_font_size=&#8221;50px&#8221; header_3_font=&#8221;|700|||||||&#8221; background_enable_color=&#8221;off&#8221; text_orientation=&#8221;center&#8221; custom_padding=&#8221;0px|35px|0px|35px|true|true&#8221; header_2_font_size_tablet=&#8221;50px&#8221; header_2_font_size_phone=&#8221;34px&#8221; header_2_font_size_last_edited=&#8221;on|phone&#8221; global_colors_info=&#8221;{}&#8221; theme_builder_area=&#8221;post_content&#8221;]<\/p>\n<h3>Vapor Inibidor de Corros\u00e3o<\/h3>\n<p>\u00c9 um vapor protetivo, sinterizado em diversas formas como Pl\u00e1sticos, Papeis, Difusores, L\u00edquidos e v\u00e1rias outras formas para cada tipo de aplica\u00e7\u00e3o.<\/p>\n<p>[\/et_pb_text][\/et_pb_column][\/et_pb_row][et_pb_row _builder_version=&#8221;4.27.4&#8243; _module_preset=&#8221;default&#8221; custom_padding=&#8221;7px|||||&#8221; global_colors_info=&#8221;{}&#8221; theme_builder_area=&#8221;post_content&#8221;][et_pb_column type=&#8221;4_4&#8243; _builder_version=&#8221;4.21.0&#8243; _module_preset=&#8221;default&#8221; global_colors_info=&#8221;{}&#8221; theme_builder_area=&#8221;post_content&#8221;][et_pb_text _builder_version=&#8221;4.27.4&#8243; _module_preset=&#8221;default&#8221; text_orientation=&#8221;center&#8221; custom_margin=&#8221;13px||22px|||&#8221; global_colors_info=&#8221;{}&#8221; theme_builder_area=&#8221;post_content&#8221;]<\/p>\n<p><strong>A presen\u00e7a dos componentes do VCI sobre superf\u00edcies met\u00e1licas suprime a corros\u00e3o de tr\u00eas formas:<\/strong><\/p>\n<p>[\/et_pb_text][et_pb_blurb title=&#8221;Apassiva o fluxo de el\u00e9trons entre as \u00e1reas an\u00f3dicas e cat\u00f3dicas da superf\u00edcie met\u00e1lica.&#8221; use_icon=&#8221;on&#8221; font_icon=&#8221;&#x5a;||divi||400&#8243; icon_placement=&#8221;left&#8221; image_icon_width=&#8221;30px&#8221; content_max_width=&#8221;644px&#8221; _builder_version=&#8221;4.21.0&#8243; _module_preset=&#8221;default&#8221; header_font=&#8221;|700|||||||&#8221; header_font_size=&#8221;16px&#8221; header_line_height=&#8221;1.4em&#8221; custom_margin=&#8221;||4px|||&#8221; global_colors_info=&#8221;{}&#8221; theme_builder_area=&#8221;post_content&#8221;][\/et_pb_blurb][et_pb_blurb title=&#8221;Forma uma camada f\u00edsica hidrof\u00f3bica, que evita  contato direto com a \u00e1gua e umidade com o metal,  constituindo um eletr\u00f3lito.&#8221; use_icon=&#8221;on&#8221; font_icon=&#8221;&#x5a;||divi||400&#8243; icon_placement=&#8221;left&#8221; image_icon_width=&#8221;30px&#8221; content_max_width=&#8221;644px&#8221; _builder_version=&#8221;4.21.0&#8243; _module_preset=&#8221;default&#8221; header_font=&#8221;|700|||||||&#8221; header_font_size=&#8221;16px&#8221; header_line_height=&#8221;1.4em&#8221; custom_margin=&#8221;||2px|||&#8221; global_colors_info=&#8221;{}&#8221; theme_builder_area=&#8221;post_content&#8221;][\/et_pb_blurb][et_pb_blurb title=&#8221;Regula o valor de PH do eletr\u00f3lito, favorecendo a  passiva\u00e7\u00e3o dos metais, que se tornam passivos com  o PH ligeiramente alcalino.&#8221; use_icon=&#8221;on&#8221; font_icon=&#8221;&#x5a;||divi||400&#8243; icon_placement=&#8221;left&#8221; image_icon_width=&#8221;30px&#8221; content_max_width=&#8221;644px&#8221; _builder_version=&#8221;4.21.0&#8243; _module_preset=&#8221;default&#8221; header_font=&#8221;|700|||||||&#8221; header_font_size=&#8221;16px&#8221; header_line_height=&#8221;1.4em&#8221; global_colors_info=&#8221;{}&#8221; theme_builder_area=&#8221;post_content&#8221;][\/et_pb_blurb][\/et_pb_column][\/et_pb_row][\/et_pb_section][et_pb_section fb_built=&#8221;1&#8243; _builder_version=&#8221;4.27.4&#8243; _module_preset=&#8221;default&#8221; background_image=&#8221;https:\/\/www.hservicebrasil.com.br\/wp-content\/uploads\/2025\/11\/bg-destaque.jpg&#8221; custom_padding=&#8221;||159px|||&#8221; hover_enabled=&#8221;0&#8243; background_last_edited=&#8221;on|phone&#8221; background_image_phone=&#8221;https:\/\/www.hservicebrasil.com.br\/wp-content\/uploads\/2025\/08\/bg-destaque-m.jpg&#8221; background_enable_image_phone=&#8221;on&#8221; global_colors_info=&#8221;{}&#8221; theme_builder_area=&#8221;post_content&#8221; title_text=&#8221;bg-destaque&#8221; sticky_enabled=&#8221;0&#8243;][et_pb_row _builder_version=&#8221;4.21.0&#8243; _module_preset=&#8221;default&#8221; custom_padding=&#8221;6px||0px||false|false&#8221; global_colors_info=&#8221;{}&#8221; theme_builder_area=&#8221;post_content&#8221;][et_pb_column type=&#8221;4_4&#8243; _builder_version=&#8221;4.21.0&#8243; _module_preset=&#8221;default&#8221; global_colors_info=&#8221;{}&#8221; theme_builder_area=&#8221;post_content&#8221;][et_pb_text _builder_version=&#8221;4.21.0&#8243; _module_preset=&#8221;default&#8221; header_2_font=&#8221;|700||on|||||&#8221; header_2_text_color=&#8221;#E02B20&#8243; header_2_font_size=&#8221;36px&#8221; header_3_font=&#8221;|700|||||||&#8221; background_enable_color=&#8221;off&#8221; text_orientation=&#8221;center&#8221; width=&#8221;100%&#8221; custom_padding=&#8221;||||false|false&#8221; header_2_font_size_tablet=&#8221;36px&#8221; header_2_font_size_phone=&#8221;26px&#8221; header_2_font_size_last_edited=&#8221;on|phone&#8221; global_colors_info=&#8221;{}&#8221; theme_builder_area=&#8221;post_content&#8221;]<\/p>\n<h2>Por que proteger seus ativos contra corros\u00e3o?<\/h2>\n<h3>VCI &#8211; Vapor Inibidor de Corros\u00e3o<\/h3>\n<p>&nbsp;<\/p>\n<p>[\/et_pb_text][\/et_pb_column][\/et_pb_row][et_pb_row column_structure=&#8221;1_3,1_3,1_3&#8243; use_custom_gutter=&#8221;on&#8221; gutter_width=&#8221;2&#8243; _builder_version=&#8221;4.21.0&#8243; _module_preset=&#8221;default&#8221; custom_padding=&#8221;7px|||||&#8221; global_colors_info=&#8221;{}&#8221; theme_builder_area=&#8221;post_content&#8221;][et_pb_column type=&#8221;1_3&#8243; _builder_version=&#8221;4.21.0&#8243; _module_preset=&#8221;default&#8221; global_colors_info=&#8221;{}&#8221; theme_builder_area=&#8221;post_content&#8221;][et_pb_text _builder_version=&#8221;4.21.0&#8243; _module_preset=&#8221;default&#8221; header_2_font=&#8221;|700|||||||&#8221; header_2_text_color=&#8221;#6B6B6B&#8221; header_2_font_size=&#8221;18px&#8221; header_3_text_color=&#8221;#000000&#8243; header_3_font_size=&#8221;16px&#8221; header_3_line_height=&#8221;0.5em&#8221; background_color=&#8221;rgba(255,255,255,0.23)&#8221; custom_margin=&#8221;||1px|||&#8221; custom_padding=&#8221;20px|20px|20px|20px|false|false&#8221; border_radii=&#8221;on|10px|10px|10px|10px&#8221; global_colors_info=&#8221;{}&#8221; header_3_text_color__hover_enabled=&#8221;on|hover&#8221; header_2_text_color__hover_enabled=&#8221;on|hover&#8221; header_2_text_color__hover=&#8221;#FFFFFF&#8221; header_3_text_color__hover=&#8221;#E02B20&#8243; theme_builder_area=&#8221;post_content&#8221;]<\/p>\n<h2>PREJU\u00cdZO DE MILH\u00d5ES COM ATIVOS FIXOS DEGRADADOS NOS ALMOXARIFADOS<\/h2>\n<p>Na grande maioria das empresas, o estoque e ativos imobilizados (Ativo Fixo) concentram quantia financeira representativa do patrim\u00f4nio, e normalmente est\u00e3o sem qualquer forma de prote\u00e7\u00e3o contra as intemp\u00e9ries do tempo. Como resultado, todo ano as empresas perdem milh\u00f5es com ativos degradados e inutilizados nos almoxarifados que representar\u00e3o grande preju\u00edzo no resultado financeiro.<\/p>\n<p>[\/et_pb_text][\/et_pb_column][et_pb_column type=&#8221;1_3&#8243; _builder_version=&#8221;4.21.0&#8243; _module_preset=&#8221;default&#8221; global_colors_info=&#8221;{}&#8221; theme_builder_area=&#8221;post_content&#8221;][et_pb_text _builder_version=&#8221;4.21.0&#8243; _module_preset=&#8221;default&#8221; header_2_font=&#8221;|700|||||||&#8221; header_2_text_color=&#8221;#6B6B6B&#8221; header_2_font_size=&#8221;18px&#8221; header_3_text_color=&#8221;#000000&#8243; header_3_font_size=&#8221;16px&#8221; header_3_line_height=&#8221;0.5em&#8221; background_color=&#8221;rgba(255,255,255,0.28)&#8221; custom_margin=&#8221;||1px|||&#8221; custom_padding=&#8221;20px|20px|20px|20px|false|false&#8221; border_radii=&#8221;on|10px|10px|10px|10px&#8221; global_colors_info=&#8221;{}&#8221; header_3_text_color__hover_enabled=&#8221;on|hover&#8221; header_2_text_color__hover_enabled=&#8221;on|hover&#8221; header_2_text_color__hover=&#8221;#FFFFFF&#8221; header_3_text_color__hover=&#8221;#E02B20&#8243; theme_builder_area=&#8221;post_content&#8221;]<\/p>\n<h2>PERDAS POR OXIDA\u00c7\u00c3O<\/h2>\n<p>Uma das principais causas da degrada\u00e7\u00e3o dos sobressalentes, equipamentos e m\u00e1quinas estocados nos almoxarifados \u00e9 a oxida\u00e7\u00e3o que quando evolui para corros\u00e3o, condena definitivamente estes ativos. Situa\u00e7\u00f5es cr\u00edticas acontecem quando a \u00e1rea produtiva requisita um item em urg\u00eancia ou emerg\u00eancia e descobre que o ativo est\u00e1 degradado e nutilizado pela corros\u00e3o causada pelo armazenamento inadequado ou at\u00e9 pela inexist\u00eancia de qualquer prote\u00e7\u00e3o, causando muitas vezes perdas de produ\u00e7\u00e3o com preju\u00edzos significativos.<\/p>\n<p>[\/et_pb_text][\/et_pb_column][et_pb_column type=&#8221;1_3&#8243; _builder_version=&#8221;4.21.0&#8243; _module_preset=&#8221;default&#8221; global_colors_info=&#8221;{}&#8221; theme_builder_area=&#8221;post_content&#8221;][et_pb_text _builder_version=&#8221;4.21.0&#8243; _module_preset=&#8221;default&#8221; header_2_font=&#8221;|700|||||||&#8221; header_2_text_color=&#8221;#6B6B6B&#8221; header_2_font_size=&#8221;18px&#8221; header_3_text_color=&#8221;#000000&#8243; header_3_font_size=&#8221;16px&#8221; header_3_line_height=&#8221;0.5em&#8221; background_color=&#8221;rgba(255,255,255,0.38)&#8221; custom_margin=&#8221;||1px|||&#8221; custom_padding=&#8221;20px|20px|20px|20px|false|false&#8221; border_radii=&#8221;on|10px|10px|10px|10px&#8221; global_colors_info=&#8221;{}&#8221; header_3_text_color__hover_enabled=&#8221;on|hover&#8221; header_2_text_color__hover_enabled=&#8221;on|hover&#8221; header_2_text_color__hover=&#8221;#FFFFFF&#8221; header_3_text_color__hover=&#8221;#E02B20&#8243; theme_builder_area=&#8221;post_content&#8221;]<\/p>\n<h2>ESTUDO DA NACE \u2013 The Worldwide Corrosion Authority<\/h2>\n<p>Segundo a National Association of Corrosion Engineers (NACE AMPP), a corros\u00e3o causa um preju\u00edzo anual de 3,38 trilh\u00f5es de d\u00f3lares em todo o mundo. \u00c9 o correspondente a 3,5% do Produto Interno Bruto (PIB) mundial.<\/p>\n<p>Se projetarmos os n\u00fameros acima (perda de 3,5% anual), a cada 100 MIO Reais de ativo fixo estocado, as perdas podem ser de at\u00e9 3.5 MIO Reais a cada ano. Empresas do segmento industrial, possuem grandes estoques e chegam a ativos com valores superiores a 500 MIO Reais, onde o preju\u00edzo pode chegar a 17.5 MIO Reais todo ano, de forma silenciosa.<\/p>\n<p>[\/et_pb_text][\/et_pb_column][\/et_pb_row][\/et_pb_section]<\/p>\n","protected":false},"excerpt":{"rendered":"<p>Vapor Inibidor de Corros\u00e3o \u00c9 um vapor protetivo, sinterizado em diversas formas como Pl\u00e1sticos, Papeis, Difusores, L\u00edquidos e v\u00e1rias outras formas para cada tipo de aplica\u00e7\u00e3o.A presen\u00e7a dos componentes do VCI sobre superf\u00edcies met\u00e1licas suprime a corros\u00e3o de tr\u00eas formas:Por que proteger seus ativos contra corros\u00e3o? VCI &#8211; Vapor Inibidor de Corros\u00e3o &nbsp;PREJU\u00cdZO DE MILH\u00d5ES COM ATIVOS FIXOS DEGRADADOS NOS ALMOXARIFADOS Na grande maioria das empresas, o estoque e ativos imobilizados (Ativo Fixo) concentram quantia financeira representativa do patrim\u00f4nio, e normalmente est\u00e3o sem qualquer forma de prote\u00e7\u00e3o contra as intemp\u00e9ries do tempo. Como resultado, todo ano as empresas perdem milh\u00f5es com ativos degradados e inutilizados nos almoxarifados que representar\u00e3o grande preju\u00edzo no resultado financeiro.PERDAS POR OXIDA\u00c7\u00c3O Uma das principais causas da degrada\u00e7\u00e3o dos sobressalentes, equipamentos e m\u00e1quinas estocados nos almoxarifados \u00e9 a oxida\u00e7\u00e3o que quando evolui para corros\u00e3o, condena definitivamente estes ativos. Situa\u00e7\u00f5es cr\u00edticas acontecem quando a \u00e1rea produtiva requisita um item em urg\u00eancia ou emerg\u00eancia e descobre que o ativo est\u00e1 degradado e nutilizado pela corros\u00e3o causada pelo armazenamento inadequado ou at\u00e9 pela inexist\u00eancia de qualquer prote\u00e7\u00e3o, causando muitas vezes perdas de produ\u00e7\u00e3o com preju\u00edzos significativos.ESTUDO DA NACE \u2013 The Worldwide Corrosion Authority Segundo a National Association of Corrosion [&hellip;]<\/p>\n","protected":false},"author":1,"featured_media":0,"parent":0,"menu_order":0,"comment_status":"closed","ping_status":"closed","template":"","meta":{"_et_pb_use_builder":"on","_et_pb_old_content":"<!-- wp:divi\/placeholder \/-->","_et_gb_content_width":"","footnotes":""},"class_list":["post-612","page","type-page","status-publish","hentry"],"_links":{"self":[{"href":"https:\/\/www.hservicebrasil.com.br\/index.php\/wp-json\/wp\/v2\/pages\/612","targetHints":{"allow":["GET"]}}],"collection":[{"href":"https:\/\/www.hservicebrasil.com.br\/index.php\/wp-json\/wp\/v2\/pages"}],"about":[{"href":"https:\/\/www.hservicebrasil.com.br\/index.php\/wp-json\/wp\/v2\/types\/page"}],"author":[{"embeddable":true,"href":"https:\/\/www.hservicebrasil.com.br\/index.php\/wp-json\/wp\/v2\/users\/1"}],"replies":[{"embeddable":true,"href":"https:\/\/www.hservicebrasil.com.br\/index.php\/wp-json\/wp\/v2\/comments?post=612"}],"version-history":[{"count":5,"href":"https:\/\/www.hservicebrasil.com.br\/index.php\/wp-json\/wp\/v2\/pages\/612\/revisions"}],"predecessor-version":[{"id":633,"href":"https:\/\/www.hservicebrasil.com.br\/index.php\/wp-json\/wp\/v2\/pages\/612\/revisions\/633"}],"wp:attachment":[{"href":"https:\/\/www.hservicebrasil.com.br\/index.php\/wp-json\/wp\/v2\/media?parent=612"}],"curies":[{"name":"wp","href":"https:\/\/api.w.org\/{rel}","templated":true}]}}